14) to base 9.
-13
Convert 4 (base 5) to base 7.
4
1 (base 9) to base 3
1
221 (base 3) to base 16
19
What is -196 (base 11) in base 8?
-342
27 (base 10) to base 2
11011
13 (base 6) to base 13
9
Convert 12 (base 12) to base 9.
15
-1101 (base 2) to base 10
-13
What is 4 (base 15) in base 4?
10
What is 4 (base 7) in base 13?
4
Convert -10100 (base 2) to base 6.
-32
32 (base 4) to base 2
1110
What is 15 (base 10) in base 16?
f
5 (base 10) to base 15
5
What is 110 (base 4) in base 5?
40
-6 (base 16) to base 10
-6
What is -8 (base 14) in base 16?
-8
What is 0 (base 11) in base 3?
0
-133 (base 4) to base 3
-1011
What is -10010 (base 2) in base 9?
-20
What is -4 (base 7) in base 4?
-10
What is -2 (base 3) in base 4?
-2
3 (base 9) to base 11
3
-101 (base 9) to base 2
-1010010
Convert -8 (base 16) to base 10.
-8
Convert -29 (base 12) to base 14.
-25
What is -1132 (base 4) in base 15?
-64
Convert -1000 (base 4) to base 11.
-59
1 (base 5) to base 4
1
What is -33 (base 6) in base 8?
-25
What is 2 (base 9) in base 2?
10
Convert c (base 16) to base 10.
12
-102 (base 4) to base 11
-17
What is -10101110 (base 2) in base 13?
-105
b (base 14) to base 5
21
What is 3 (base 14) in base 12?
3
Convert -2 (base 11) to base 6.
-2
-271 (base 10) to base 3
-101001
-7 (base 14) to base 2
-111
-1 (base 15) to base 6
-1
176 (base 11) to base 4
3030
Convert -2 (base 4) to base 9.
-2
Convert 340 (base 5) to base 16.
5f
What is 20 (base 12) in base 15?
19
What is -77 (base 14) in base 11?
-96
What is 109 (base 16) in base 15?
12a
Convert 30 (base 7) to base 10.
21
What is 1200 (base 4) in base 15?
66
Convert 2 (base 5) to base 3.
2
What is 0 (base 12) in base 9?
0
What is 94 (base 14) in base 3?
11211
531 (base 7) to base 16
10b
What is -4 (base 7) in base 10?
-4
What is 343 (base 5) in base 3?
10122
What is 2 (base 12) in base 13?
2
Convert 1100 (base 3) to base 14.
28
Convert 32 (base 4) to base 13.
11
What is -5 (base 6) in base 13?
-5
What is 100 (base 2) in base 14?
4
-100 (base 2) to base 16
-4
-f (base 16) to base 8
-17
What is -101010 (base 2) in base 11?
-39
214 (base 11) to base 10
257
What is 1 (base 16) in base 15?
1
-1035 (base 6) to base 2
-11101111
Convert 1 (base 16) to base 13.
1
Convert -3 (base 11) to base 12.
-3
-5 (base 10) to base 14
-5
What is 9 (base 11) in base 3?
100
7 (base 16) to base 2
111
What is 2 (base 12) in base 2?
10
Convert -15c (base 15) to base 13.
-1b0
Convert 123 (base 4) to base 15.
1c
Convert -101 (base 2) to base 9.
-5
Convert 4 (base 9) to base 7.
4
-10000 (base 3) to base 8
-121
10 (base 2) to base 16
2
What is 11 (base 5) in base 14?
6
1201 (base 3) to base 13
37
Convert 1 (base 8) to base 10.
1
What is 7b (base 13) in base 3?
10210
What is -3a (base 14) in base 2?
-110100
What is -11 (base 4) in base 14?
-5
What is -11 (base 2) in base 7?
-3
0 (base 7) to base 9
0
Convert -52 (base 9) to base 12.
-3b
Convert 12 (base 7) to base 11.
9
Convert 180 (base 9) to base 11.
12a
d (base 14) to base 13
10
2 (base 8) to base 3
2
What is 1 (base 14) in base 16?
1
1a4 (base 11) to base 15
10a
-2 (base 11) to base 4
-2
What is 4 (base 5) in base 8?
4
What is 4 (base 15) in base 6?
4
Convert 1 (base 2) to base 3.
1
Convert -283 (base 11) to base 16.
-14d
Convert 177 (base 13) to base 10.
267
Convert -1 (base 4) to base 5.
-1
10 (base 4) to base 11
4
Convert -112 (base 5) to base 10.
-32
What is -6 (base 15) in base 7?
-6
Convert 2 (base 6) to base 14.
2
e (base 15) to base 16
e
-22 (base 3) to base 16
-8
-113 (base 5) to base 8
-41
What is -1013 (base 5) in base 16?
-85
-54 (base 16) to base 4
-1110
Convert -15 (base 11) to base 2.
-10000
30 (base 16) to base 2
110000
40 (base 8) to base 14
24
What is -30 (base 6) in base 4?
-102
Convert 53 (base 15) to base 2.
1001110
What is 10 (base 15) in base 5?
30
Convert -5 (base 13) to base 11.
-5
Convert 2 (base 10) to base 14.
2
What is -6 (base 16) in base 4?
-12
What is 1011 (base 4) in base 5?
234
What is -24 (base 9) in base 8?
-26
Convert 0 (base 10) to base 15.
0
Convert 12 (base 8) to base 5.
20
Convert -10 (base 6) to base 5.
-11
77 (base 9) to base 8
106
111 (base 4) to base 14
17
What is -420 (base 5) in base 6?
-302
-22 (base 5) to base 13
-c
Convert 181 (base 9) to base 12.
10a
What is 1 (base 12) in base 6?
1
1 (base 6) to base 4
1
What is ea (base 16) in base 9?
280
1 (base 5) to base 8
1
What is -178 (base 12) in base 3?
-22202
What is 5 (base 8) in base 15?
5
Convert -35 (base 7) to base 13.
-20
What is 4 (base 13) in base 11?
4
45 (base 6) to base 2
11101
What is 201 (base 5) in base 13?
3c
Convert 55 (base 10) to base 8.
67
What is 12 (base 6) in base 12?
8
What is 140 (base 6) in base 2?
111100
What is 216 (base 7) in base 11?
a1
-7b (base 16) to base 15
-83
What is 222 (base 4) in base 16?
2a
Convert -1023 (base 4) to base 3.
-2210
Convert 25 (base 8) to base 12.
19
-81 (base 16) to base 14
-93
11 (base 4) to base 14
5
What is 15 (base 7) in base 6?
20
Convert 7 (base 15) to base 5.
12
Convert 16 (base 13) to base 9.
21
What is 0 (base 10) in base 7?
0
What is 8 (base 16) in base 15?
8
Convert 5 (base 12) to base 16.
5
-1 (base 11) to base 16
-1
3 (base 8) to base 6
3
Convert e6 (base 16) to base 15.
105
What is 4 (base 7) in base 11?
4
What is -1010 (base 2) in base 16?
-a
What is -36 (base 8) in base 16?
-1e
41 (base 8) to base 7
45
21 (base 7) to base 12
13
Convert -2 (base 15) to base 5.
-2
Convert 10212 (base 3) to base 16.
68
2 (base 14) to base 12
2
143 (base 10) to base 3
12022
Convert 204 (base 5) to base 8.
66
-329 (base 11) to base 6
-1454
Convert 1 (base 14) to base 9.
1
What is -11210 (base 3) in base 11?
-108
Convert 2032 (base 4) to base 14.
a2
What is 4 (base 5) in base 7?
4
1202 (base 3) to base 2
101111
1 (base 15) to base 2
1
What is -3333 (base 4) in base 14?
-143
10 (base 3) to base 14
3
-3 (base 11) to base 16
-3
What is 10 (base 4) in base 12?
4
What is 2c (base 15) in base 8?
52
What is 140 (base 6) in base 11?
55
-1011 (base 4) to base 2
-1000101
-12 (base 4) to base 11
-6
Convert -34 (base 9) to base 4.
-133
-10 (base 2) to base 15
-2
Convert -10 (base 8) to base 16.
-8
14 (base 5) to base 8
11
Convert -1011011 (base 2) to base 3.
-10101
What is -4 (base 12) in base 11?
-4
-312 (base 10) to base 14
-184
What is -1 (base 11) in base 7?
-1
-48 (base 10) to base 11
-44
143 (base 9) to base 3
11110
Convert -11 (base 6) to base 5.
-12
-11 (base 3) to base 7
-4
What is 2 (base 13) in base 11?
2
-6 (base 15) to base 16
-6
What is 1 (base 5) in base 14?
1
What is -121 (base 4) in base 16?
-19
0 (base 7) to base 2
0
What is 5 (base 11) in base 3?
12
What is 149 (base 16) in base 14?
197
What is 3120 (base 4) in base 14?
116
Convert -1110 (base 2) to base 15.
-e
Convert -2a (base 13) to base 15.
-26
-1 (base 15) to base 12
-1
-2 (base 8) to base 16
-2
What is 6 (base 7) in base 14?
6
Convert -132 (base 8) to base 16.
-5a
Convert -11111 (base 2) to base 14.
-23
What is 223 (base 8) in base 15?
9c
What is 6 (base 10) in base 7?
6
-37 (base 11) to base 16
-28
What is 130 (base 4) in base 8?
34
Convert 11 (base 5) to base 4.
12
What is 21 (base 4) in base 8?
11
What is 0 (base 7) in base 3?
0
Convert -13 (base 8) to base 9.
-12
-10 (base 3) to base 15
-3
-3022 (base 4) to base 7
-406
What is -27 (base 12) in base 10?
-31
-206 (base 7) to base 16
-68
What is -12 (base 10) in base 2?
-1100
Convert 0 (base 16) to base 3.
0
-18 (base 12) to base 11
-19
Convert 1 (base 4) to base 5.
1
-3e (base 16) to base 11
-57
Convert 2 (base 5) to base 4.
2
What is -2 (base 5) in base 12?
-2
-10010 (base 2) to base 7
-24
Convert -13 (base 7) to base 3.
-101
Convert 3 (base 12) to base 5.
3
Convert 9 (base 10) to base 2.
1001
What is 69 (base 13) in base 10?
87
Convert -222 (base 10) to base 16.
-de
3 (base 7) to base 14
3
11 (base 4) to base 14
5
-46 (base 8) to base 5
-123
Convert -10 (base 2) to base 15.
-2
What is 91 (base 14) in base 13?
9a
Convert 141 (base 14) to base 7.
511
-5 (base 7) to base 9
-5
-c (base 13) to base 4
-30
3 (base 8) to base 9
3
What is 0 (base 5) in base 7?
0
What is 1 (base 15) in base 3?
1
Convert 12 (base 5) to base 15.
7
What is 11 (base 3) in base 7?
4
What is -3 (base 11) in base 3?
-10
Convert 115 (base 11) to base 13.
a7
What is 6 (base 12) in base 